+ 1. Let y = 6 - 2. What is the highest common factor of c and y?
4
Let n = 16 + -11. Let g(m) = m**2 - m + 35. Let z be g(0). What is the greatest common factor of z and n?
5
Suppose -2*k + 5*u = 3*k - 315, -k = -4*u - 63. Let q(f) = f**2 - 4*f + 2. Let i be q(5). What is the greatest common factor of k and i?
7
Let y(r) = -5 + 4 - 5*r + 11*r - 5. Let o be y(5). Let k = 35 - o. Calculate the greatest common factor of k and 44.
11
Let r(j) = -9*j + 18. Let y be r(-8). What is the greatest common divisor of y and 120?
30
Let r = 0 - -18. What is the greatest common factor of r and 198?
18
Suppose -18 = -3*r + 36. Calculate the highest common divisor of 54 and r.
18
Let q be (0 + -2 - 3)*-13. Suppose 2*x + x - 39 = 0. Calculate the highest common divisor of q and x.
13
Let p be 1 - (4 - ((4 - -32) + 1)). Calculate the highest common divisor of p and 221.
17
Suppose 3*c + 10 = 4*c + 4*p, 3*p + 40 = 4*c. Let q = -1790 - -992. Let k be 5/25 + q/(-10). Calculate the greatest common factor of k and c.
10
Suppose -64 = -2*a - 2*a + 4*i, 0 = 4*a - 3*i - 66. What is the greatest common divisor of a and 126?
18
Let h(k) = -9*k + 16. Let z be h(-12). Calculate the highest common divisor of z and 31.
31
Let z = -1 + 1. Suppose 0 = j - z*j - 18. Let f = j + 0. Calculate the greatest common divisor of f and 2.
2
Let q be (2 - 5) + 2 + -5. Suppose 5*i - 32 = 8. Let h be (q/i)/((-2)/240). Calculate the greatest common factor of h and 10.
10
Let l = 10 - 5. Let c = -1 - -9. Let f = c - l. Calculate the greatest common factor of 3 and f.
3
Let q = -5 + 8. Suppose -l + 0*z = -5*z - 22, -22 = -3*l + 4*z. Calculate the greatest common factor of q and l.
1
Let x(u) = u**3 + 9*u**2 - 9*u - 9. Let n be x(-9). Let t be -2 - -1 - (3 - 48). Suppose -3*m + 10 = -t. What is the highest common divisor of m and n?
18
Suppose 4*v = 6*u - u + 26, 4*u + 24 = 4*v. Let m be (3/(-2))/((-12)/352). Calculate the greatest common factor of v and m.
4
Let u be (0 - 0)*(-2)/4. Let g(m) = m**2 + m + 8. Let z be g(u). Calculate the greatest common divisor of z and 4.
4
Let n(g) = -g**3 - 4*g**2 + 2*g + 7. Let h be n(-7). Let s = 0 + h. What is the greatest common divisor of s and 14?
14
Let y = -3 + 4. Let x = -7 + 14. Calculate the highest common divisor of x and y.
1
Let i = 19 - 30. Let y be (-7)/((-7)/(-2)) - i. Calculate the greatest common factor of 18 and y.
9
Let j(c) be the second derivative of 5*c**3/3 - 2*c**2 - 4*c. Let h be j(3). Calculate the highest common divisor of h and 208.
26
Suppose -5*c - 5*z = -125, 4 = -2*z - 0. Calculate the greatest common divisor of c and 216.
27
Suppose 2*i + 2*i + 60 = 0. Let p be (-6)/i + 47/(-5). Let q = -5 - p. What is the greatest common factor of q and 4?
4
Let r(u) = u**2 - 3*u + 1. Let t be r(3). Let g be 41 - 1*t/1. Let w(n) = -n**2 + 8*n - 7. Let v be w(2). Calculate the greatest common factor of g and v.
5
Let a be 5/15 + (-93)/9. Let o be ((-32)/a)/(2/5). What is the highest common divisor of 40 and o?
8
Suppose 0 = 13*l - 9*l - 24. Suppose -2*q + 15 = q. Suppose -q*m + 4*r = 51 - 231, 0 = 4*m - 3*r - 144. Calculate the greatest common factor of m and l.
6
Let p = 107 + -69. Suppose 0 = 2*r + 8 - p. Suppose 6 = 5*w - 44. Calculate the greatest common divisor of r and w.
5
Suppose 0 = -6*w + 450 - 36. Calculate the highest common factor of 621 and w.
69
Let s = -1 - -3. Suppose -4*u = -0*u + o - 104, s*u - 3*o - 52 = 0. Calculate the greatest common factor of u and 65.
13
Let y(z) = -z**2 + 13*z - 15. Let v = 34 - 23. Let g be y(v). What is the highest common factor of 7 and g?
7
Let c be 26/8 - (-2)/(-8). Let a(t) = 2*t**3 - 2*t**2 + t - 4. Let k be a(c). Calculate the highest common factor of k and 7.
7
Let p(a) = -a**3 + 8*a**2 - a + 4. Let z be p(6). Let x(y) = y**3 + 7*y**2 - y - 11. Let l be x(-3). Calculate the greatest common divisor of l and z.
14
Suppose 0 = 4*s + y - 39, 0*y = -y - 1. Calculate the greatest common factor of 40 and s.
10
Suppose 4*x + g = -25 - 10, -5*g = 3*x + 22. Let p be 3/x - (-34)/3. What is the highest common factor of 1 and p?
1
Suppose 9*h = h + 80. Calculate the highest common factor of 10 and h.
10
Let p be ((-44)/6)/((-2)/3). What is the highest common factor of p and 11?
11
Let s = 142 - 97. Calculate the highest common divisor of 5 and s.
5
Suppose 3*y = 3*l - 24, -2*y = -4*y - 2*l - 8. Let r(h) = 4*h - 10*h - 4*h. Let b be r(y). What is the greatest common divisor of 12 and b?
12
Suppose 3*f - 37 = -2*l, 4*f - 21 = 2*l + l. What is the greatest common factor of 63 and f?
9
Let t be 40*4*(-1)/(-8). What is the highest common factor of 30 and t?
10
Suppose -x - 4 = -2*k + 25, k - 10 = -4*x. Let c = -11 + 25. Suppose 2*j + 5*t - c = 65, 0 = 5*j - 2*t - 212. What is the highest common factor of k and j?
14
Suppose 0 = 5*s - 5. Suppose -4 = f, -4*o + f + 24 = -0*o. Suppose -48 = -4*d - o*r, 5*r - r - 37 = -3*d. What is the highest common divisor of d and s?
1
Let g be (1 - 131)/5*-1. What is the greatest common factor of 286 and g?
26
Let k(o) = 2*o**2 + 4*o - 6. Let r be k(6). Calculate the highest common factor of 36 and r.
18
Let g = 5 + -2. Suppose -5*z + 105 = -g*h - 63, -2*h = 3*z - 116. What is the greatest common divisor of 4 and z?
4
Suppose 0*w = -3*w - 3*y + 387, y - 255 = -2*w. Calculate the greatest common divisor of w and 18.
18
Let u(w) = 0 - 2*w + 3 + 5*w**2 - 2*w**2. Let j(q) = q**2 - 7*q + 9. Let a be j(6). Let k be u(a). What is the highest common factor of 36 and k?
12
Let n = 177 - -31. Let w = n + -47. Let i = 56 + -33. Calculate the highest common factor of i and w.
23
Let c(v) = -5*v**2 + 3*v + 1. Let i(w) = w**2. Let s(r) = -c(r) - 2*i(r). Let m be s(4). What is the highest common divisor of m and 70?
35
Suppose -20 + 108 = 8*m. What is the highest common factor of 44 and m?
11
Suppose 4*k - 108 = 4*l, -k - 4*l = 18 - 60. What is the greatest common divisor of k and 6?
6
Let i be (1 - 1) + (16 - -9). Let d = 43 - i. What is the highest common factor of 36 and d?
18
Let o = 99 + -83. What is the greatest common factor of o and 4?
4
Suppose 0 = -3*q + f + 9, -4*q + 8*q - 23 = 5*f. Suppose -8 = -2*w - 5*v + 31, 0 = -4*w + q*v + 90. Calculate the highest common divisor of w and 55.
11
Suppose -2 = a - 8. Let f(z) = 2*z**3 + z**2 - 2*z + 2. Let q be f(1). What is the highest common divisor of a and q?
3
Suppose -3*a - 4*o = -260, -2*a - 5*o = 38 - 216. Calculate the greatest common divisor of 56 and a.
28
Let b = 20 - 9. Let s(n) = -3 + 0*n**2 + 2*n**2 - n**2 + 2*n - 7*n. Let v be s(-4). What is the highest common divisor of b and v?
11
Suppose -23*c = -17*c - 162. Let s = -11 + 20. Calculate the greatest common factor of s and c.
9
Suppose 4*y - 4*f = 16, -2*y - 3*y + f + 28 = 0. Let p be (3/3)/(2/(-6)). Let a be 10 - (y/p)/(-2). Calculate the greatest common factor of 36 and a.
9
Suppose 23 = i - 2*v, 3*i - 5*i - v = -56. Let c be (-2 - (2 + -1)) + i. Calculate the greatest common divisor of 216 and c.
24
Suppose 3*g = g + 120. Let p = g - 36. What is the highest common divisor of p and 72?
24
Let z = -534 - -948. Suppose -5*g - 134 = -z. What is the greatest common factor of 14 and g?
14
Suppose -4*f + 2*f - 3*p = -399, 5*p = 5. Calculate the highest common factor of f and 18.
18
Let q = -5 + 13. Let i be 56 - (0 - 0/3). Let j = i - 16. What is the greatest common divisor of q and j?
8
Suppose 0 = c + 4*c. Suppose -5*u + 28 + 17 = c. Calculate the highest common divisor of u and 45.
9
Let h = 3 + 9. Let y(m) = 3*m**3 - 5*m**2 - 2*m - 8. Let n be y(4). What is the highest common factor of n and h?
12
Let v = 15 + -11. Suppose 0*k + 16 = 4*k. Suppose -3*g - d = -134, k*g + 4*d - 178 = 3*d. What is the greatest common divisor of g and v?
4
Suppose -5*n = -5*j - 150, -7*j + 3*j - 8 = 0. Calculate the highest common factor of n and 7.
7
Suppose 1 = -5*t + 11. Suppose -24 + 4 = -t*m. Calculate the greatest common divisor of m and 80.
10
Suppose -5*z + 344 = -136. What is the highest common factor of z and 12?
12
Let r(z) = 26*z + 78. Let y be r(13). Calculate the highest common factor of 26 and y.
26
Suppose -10 = -2*w - y, -5*w + 4*w - 2*y + 2 = 0. Suppose w + 30 = 3*s. Let a(o) = -o. Let m be a(-6). What is the greatest common factor of s and m?
6
Let i = 33 - 60. Let x be i